{"id":657,"date":"2016-09-15T21:52:43","date_gmt":"2016-09-15T19:52:43","guid":{"rendered":"http:\/\/catalinadefoix.educacion.navarra.es\/web\/?page_id=657"},"modified":"2026-02-05T16:40:07","modified_gmt":"2026-02-05T15:40:07","slug":"boletines-del-colegio","status":"publish","type":"page","link":"https:\/\/catalinadefoix.educacion.navarra.es\/web\/galeria\/familias\/boletines-del-colegio\/","title":{"rendered":"Bolet\u00edn"},"content":{"rendered":"<ul>\n<li><a href=\"https:\/\/drive.google.com\/file\/d\/1hKepvZzvQ_0gNGtx1YIRYyZRDxEOKlt9\/view?usp=sharing\" target=\"_blank\" rel=\"noopener\"><strong><span style=\"color: #000080;\">Bolet\u00edn 1: Comenzamos\u00a0 \u00a0<\/span><\/strong><\/a><\/li>\n<li><a href=\"https:\/\/drive.google.com\/file\/d\/14hsRUDGp8AlaenWpi47Oa8MXYz7p8M6m\/view?usp=sharing\" target=\"_blank\" rel=\"noopener\"><strong>Bolet\u00edn 2: Consejo escolar<\/strong><\/a><\/li>\n<li><a href=\"https:\/\/drive.google.com\/file\/d\/1Tzv5Lyv5ChukusLK6WU7ZrgTTgaTArAt\/view?usp=sharing\" target=\"_blank\" rel=\"noopener\"><strong>Bolet\u00edn 3: Consejo escolar II<\/strong><\/a><\/li>\n<li><a href=\"https:\/\/drive.google.com\/file\/d\/1-QUy47clBrT79u0c82MiGf3OFTnSkVw1\/view?usp=sharing\" target=\"_blank\" rel=\"noopener\"><strong>Bolet\u00edn 4: Halloween<\/strong><\/a><\/li>\n<li><a href=\"https:\/\/drive.google.com\/file\/d\/1k-tFCfPnT1ptX6ZgBZ1Vbirxv56sd6d_\/view?usp=sharing\" target=\"_blank\" rel=\"noopener\"><strong>Bolet\u00edn 5: Consejo escolar III<\/strong><\/a><\/li>\n<li><a href=\"https:\/\/drive.google.com\/file\/d\/1EyX9_bPcB7GcIjBHxcfFOA8TogMD58jo\/view?usp=sharing\" target=\"_blank\" rel=\"noopener\"><strong>Bolet\u00edn 6: Halloween II<\/strong><\/a><\/li>\n<li><a href=\"https:\/\/drive.google.com\/file\/d\/10nwX8SDEjR2aiP3T4_DmgDKHXzpHxPXL\/view?usp=sharing\" target=\"_blank\" rel=\"noopener\"><strong>Bolet\u00edn 7: Navidad<\/strong><\/a><\/li>\n<li><a href=\"https:\/\/drive.google.com\/file\/d\/164g0XeFo87ZT7qWEGVEQy2khSmYcpIhW\/view?usp=sharing\" target=\"_blank\" rel=\"noopener\"><strong>Bolet\u00edn 8: T\u00f3mbola<\/strong><\/a><\/li>\n<li><a href=\"https:\/\/drive.google.com\/file\/d\/1q7BtIJN_hdKx-18kfzJL-Xn2lyTAsH94\/view?usp=sharing\" target=\"_blank\" rel=\"noopener\"><strong>Bolet\u00edn 9: Semana de la paz<\/strong><\/a><\/li>\n<li><a href=\"https:\/\/drive.google.com\/file\/d\/12CvwJVXrcsiNjLewBPL_QDisimLM8m8m\/view?usp=sharing\" target=\"_blank\" rel=\"noopener\"><strong>Bolet\u00edn 10: Carnaval<\/strong><\/a><\/li>\n<\/ul>\n\n\n<p><\/p>\n","protected":false},"excerpt":{"rendered":"<p>Bolet\u00edn 1: Comenzamos\u00a0 \u00a0 Bolet\u00edn 2: Consejo escolar Bolet\u00edn 3: Consejo escolar II Bolet\u00edn 4: Halloween Bolet\u00edn 5: Consejo escolar III Bolet\u00edn 6: Halloween II Bolet\u00edn 7: Navidad Bolet\u00edn 8: T\u00f3mbola Bolet\u00edn 9: Semana de la paz Bolet\u00edn 10: Carnaval<\/p>\n","protected":false},"author":1,"featured_media":0,"parent":2632,"menu_order":0,"comment_status":"closed","ping_status":"closed","template":"","meta":{"_genesis_hide_title":false,"_genesis_hide_breadcrumbs":false,"_genesis_hide_singular_image":false,"_genesis_hide_footer_widgets":false,"_genesis_custom_body_class":"","_genesis_custom_post_class":"","_genesis_layout":"full-width-content"},"_links":{"self":[{"href":"https:\/\/catalinadefoix.educacion.navarra.es\/web\/wp-json\/wp\/v2\/pages\/657"}],"collection":[{"href":"https:\/\/catalinadefoix.educacion.navarra.es\/web\/wp-json\/wp\/v2\/pages"}],"about":[{"href":"https:\/\/catalinadefoix.educacion.navarra.es\/web\/wp-json\/wp\/v2\/types\/page"}],"author":[{"embeddable":true,"href":"https:\/\/catalinadefoix.educacion.navarra.es\/web\/wp-json\/wp\/v2\/users\/1"}],"replies":[{"embeddable":true,"href":"https:\/\/catalinadefoix.educacion.navarra.es\/web\/wp-json\/wp\/v2\/comments?post=657"}],"version-history":[{"count":228,"href":"https:\/\/catalinadefoix.educacion.navarra.es\/web\/wp-json\/wp\/v2\/pages\/657\/revisions"}],"predecessor-version":[{"id":8285,"href":"https:\/\/catalinadefoix.educacion.navarra.es\/web\/wp-json\/wp\/v2\/pages\/657\/revisions\/8285"}],"up":[{"embeddable":true,"href":"https:\/\/catalinadefoix.educacion.navarra.es\/web\/wp-json\/wp\/v2\/pages\/2632"}],"wp:attachment":[{"href":"https:\/\/catalinadefoix.educacion.navarra.es\/web\/wp-json\/wp\/v2\/media?parent=657"}],"curies":[{"name":"wp","href":"https:\/\/api.w.org\/{rel}","templated":true}]}}

Boletín

<ul>
<li><a href="https://drive.google.com/file/d/1hKepvZzvQ_0gNGtx1YIRYyZRDxEOKlt9/view?usp=sharing" target="_blank" rel="noopener"><strong><span style="color: #000080;">Boletín 1: Comenzamos   </span></strong></a></li>
<li><a href="https://drive.google.com/file/d/14hsRUDGp8AlaenWpi47Oa8MXYz7p8M6m/view?usp=sharing" target="_blank" rel="noopener"><strong>Boletín 2: Consejo escolar</strong></a></li>
<li><a href="https://drive.google.com/file/d/1Tzv5Lyv5ChukusLK6WU7ZrgTTgaTArAt/view?usp=sharing" target="_blank" rel="noopener"><strong>Boletín 3: Consejo escolar II</strong></a></li>
<li><a href="https://drive.google.com/file/d/1-QUy47clBrT79u0c82MiGf3OFTnSkVw1/view?usp=sharing" target="_blank" rel="noopener"><strong>Boletín 4: Halloween</strong></a></li>
<li><a href="https://drive.google.com/file/d/1k-tFCfPnT1ptX6ZgBZ1Vbirxv56sd6d_/view?usp=sharing" target="_blank" rel="noopener"><strong>Boletín 5: Consejo escolar III</strong></a></li>
<li><a href="https://drive.google.com/file/d/1EyX9_bPcB7GcIjBHxcfFOA8TogMD58jo/view?usp=sharing" target="_blank" rel="noopener"><strong>Boletín 6: Halloween II</strong></a></li>
<li><a href="https://drive.google.com/file/d/10nwX8SDEjR2aiP3T4_DmgDKHXzpHxPXL/view?usp=sharing" target="_blank" rel="noopener"><strong>Boletín 7: Navidad</strong></a></li>
<li><a href="https://drive.google.com/file/d/164g0XeFo87ZT7qWEGVEQy2khSmYcpIhW/view?usp=sharing" target="_blank" rel="noopener"><strong>Boletín 8: Tómbola</strong></a></li>
<li><a href="https://drive.google.com/file/d/1q7BtIJN_hdKx-18kfzJL-Xn2lyTAsH94/view?usp=sharing" target="_blank" rel="noopener"><strong>Boletín 9: Semana de la paz</strong></a></li>
<li><a href="https://drive.google.com/file/d/12CvwJVXrcsiNjLewBPL_QDisimLM8m8m/view?usp=sharing" target="_blank" rel="noopener"><strong>Boletín 10: Carnaval</strong></a></li>
</ul>


<p></p>

<p>Boletín 1: Comenzamos    Boletín 2: Consejo escolar Boletín 3: Consejo escolar II Boletín 4: Halloween Boletín 5: Consejo escolar III Boletín 6: Halloween II Boletín 7: Navidad Boletín 8: Tómbola Boletín 9: Semana de la paz Boletín 10: Carnaval</p>
