{"id":364,"date":"2016-05-18T14:25:00","date_gmt":"2016-05-18T12:25:00","guid":{"rendered":"http:\/\/catalinadefoix.educacion.navarra.es\/web\/?page_id=364"},"modified":"2025-09-24T14:03:49","modified_gmt":"2025-09-24T12:03:49","slug":"comedor","status":"publish","type":"page","link":"https:\/\/catalinadefoix.educacion.navarra.es\/web\/galeria\/servicios\/comedor\/","title":{"rendered":"Comedor"},"content":{"rendered":"\n<p><\/p>\n\n\n<p style=\"text-align: justify;\"><img loading=\"lazy\" class=\" wp-image-801 alignleft\" src=\"http:\/\/catalinadefoix.educacion.navarra.es\/web\/wp-content\/uploads\/2016\/10\/tenedor-y-cuchillo-placa_318-51432-150x150.jpg\" alt=\"\" width=\"121\" height=\"121\" srcset=\"https:\/\/catalinadefoix.educacion.navarra.es\/web\/wp-content\/uploads\/2016\/10\/tenedor-y-cuchillo-placa_318-51432-150x150.jpg 150w, https:\/\/catalinadefoix.educacion.navarra.es\/web\/wp-content\/uploads\/2016\/10\/tenedor-y-cuchillo-placa_318-51432-300x300.jpg 300w, https:\/\/catalinadefoix.educacion.navarra.es\/web\/wp-content\/uploads\/2016\/10\/tenedor-y-cuchillo-placa_318-51432.jpg 626w\" sizes=\"(max-width: 121px) 100vw, 121px\" \/>Un grupo de profesionales atiende al alumnado haciendo del comedor un espacio educativo, de ocio y \u00a0convivencia.<br \/><strong>Aramark<\/strong>\u00a0es la empresa que nos suministra la comida. Ofrece una dieta rica, variada, sana y equilibrada en el \u00a0comedor escolar. Adem\u00e1s desarrolla un programa educativo que busca potenciar, a trav\u00e9s de actividades y \u00a0m\u00f3dulos relacionados con la alimentaci\u00f3n el desarrollo de las competencias b\u00e1sicas y transversales del curr\u00edculo \u00a0del colegio.<br \/>El servicio de comedor se puede utilizar todos los d\u00edas o de forma espor\u00e1dica. Se elaboran men\u00fas especiales y personalizados para el alumnado con diferentes tipos de alergias e intolerancias \u00a0alimenticias.<\/p>\n<p style=\"text-align: center;\"><a href=\"https:\/\/drive.google.com\/file\/d\/1GofV2220EUfY5p7wH-4kN_HS5TKsCNBh\/view?usp=sharing\" target=\"_blank\" rel=\"noopener\"><strong>CARTA DE PRESENTACI\u00d3N ARAMARK<\/strong><\/a><\/p>\n<p style=\"text-align: center;\">\u00a0 \u00a0\u00a0 \u00a0\u00a0 \u00a0\u00a0 <b style=\"color: #000000;\">\u00a0 \u00a0<\/b><b style=\"color: #000000;\">\u00a0 \u00a0 \u00a0 \u00a0 \u00a0 \u00a0 \u00a0 \u00a0 \u00a0 \u00a0 \u00a0 \u00a0 \u00a0 \u00a0 \u00a0 \u00a0 \u00a0 \u00a0 \u00a0 \u00a0 \u00a0 \u00a0 <a href=\"https:\/\/drive.google.com\/file\/d\/1fWYNv5nVlGA3olCRge7rA0sUMHDLRTSW\/view?usp=sharing\" target=\"_blank\" rel=\"noopener\">PLAN DE COMEDOR<\/a><\/b><span style=\"color: #000080;\"><strong><span style=\"color: #003300;\">\u00a0 \u00a0\u00a0<\/span> \u00a0 \u00a0 \u00a0 \u00a0 \u00a0 \u00a0 \u00a0 \u00a0 \u00a0 \u00a0 \u00a0 \u00a0 \u00a0 \u00a0 \u00a0 \u00a0 \u00a0 \u00a0 \u00a0 \u00a0 \u00a0 \u00a0 \u00a0 \u00a0 \u00a0 \u00a0 <\/strong><\/span><\/p>\n<p style=\"text-align: center;\"><span style=\"color: #000080;\"><strong><span style=\"color: #0000ff;\">\u00a0 \u00a0 ENLACES: <\/span><\/strong><\/span><span style=\"color: #008000;\">\u00a0<\/span> \u00a0<\/p>\n<p style=\"text-align: center;\">\u00a0<a href=\"https:\/\/docs.google.com\/forms\/d\/e\/1FAIpQLSeIceg8xE_yjn20gbsYlRWlAGyl31geJkX1adEDgiIXw867kQ\/viewform?usp=preview\" target=\"_blank\" rel=\"noopener\"><strong>AUSENCIAS\u00a0<\/strong><\/a><\/p>\n<p style=\"text-align: center;\"><a href=\"https:\/\/docs.google.com\/forms\/d\/e\/1FAIpQLSeTYTG7BuEKQJe9orKCXs5AU2aYmmIgHYB8TIxtZDWQlBhPgQ\/viewform?usp=preview\" target=\"_blank\" rel=\"noopener\"><strong>ESPOR\u00c1DICOS<\/strong><\/a><\/p>\n<p style=\"text-align: center;\"><a href=\"https:\/\/docs.google.com\/forms\/d\/e\/1FAIpQLSdIT8kl7_7iP_MQRCjxBh-h6mhO7YPNPM8l1FgWNrwd6X5BxA\/viewform?usp=preview\" target=\"_blank\" rel=\"noopener\"><strong>DIETAS ASTRINGENTES<\/strong><\/a><\/p>\n<p style=\"text-align: center;\">\u00a0<\/p>\n<p style=\"text-align: center;\"><span style=\"color: #000080;\"><strong> \u00a0 \u00a0 \u00a0 \u00a0 \u00a0 \u00a0 \u00a0 \u00a0 \u00a0 \u00a0 \u00a0 \u00a0 \u00a0 \u00a0 \u00a0\u00a0<\/strong><\/span><\/p>\n<p>\u00a0<\/p>\n<p style=\"text-align: left;\">\u00a0<\/p>\n<p style=\"text-align: center;\">\u00a0<\/p>\n<p style=\"text-align: right;\">\u00a0<\/p>\n<p style=\"text-align: center;\">\u00a0<\/p>\n<p style=\"text-align: center;\">\u00a0<\/p>\n<p style=\"text-align: center;\">\u00a0<\/p>\n<p><strong>\u00a0 \u00a0 \u00a0 \u00a0 \u00a0 \u00a0 \u00a0 \u00a0 \u00a0 \u00a0 \u00a0 \u00a0 \u00a0 \u00a0 \u00a0 \u00a0 \u00a0 \u00a0 \u00a0 \u00a0 \u00a0 \u00a0 \u00a0 \u00a0 \u00a0\u00a0\u00a0 \u00a0 \u00a0 \u00a0 \u00a0 \u00a0 \u00a0\u00a0 <br \/><\/strong><\/p>\n<h3>\u00a0<\/h3>\n<p>\u00a0<\/p>\n<p style=\"text-align: left;\"><span style=\"color: #000080;\"><strong>\u00a0 \u00a0 \u00a0 \u00a0 \u00a0 \u00a0 \u00a0 \u00a0 \u00a0 \u00a0 \u00a0 \u00a0 \u00a0 \u00a0 \u00a0 \u00a0 \u00a0 \u00a0 \u00a0 \u00a0 \u00a0 \u00a0 \u00a0 \u00a0 \u00a0\u00a0<span style=\"color: #000080;\">\u00a0 \u00a0 \u00a0 \u00a0 \u00a0 \u00a0 \u00a0\u00a0 <br \/><\/span><\/strong><\/span><\/p>\n<h3 style=\"text-align: center;\">\u00a0<\/h3>\n\n\n<p><\/p>\n","protected":false},"excerpt":{"rendered":"<p>Un grupo de profesionales atiende al alumnado haciendo del comedor un espacio educativo, de ocio y \u00a0convivencia.Aramark\u00a0es la empresa que nos suministra la comida. Ofrece una dieta rica, variada, sana y equilibrada en el \u00a0comedor escolar. Adem\u00e1s desarrolla un programa educativo que busca potenciar, a trav\u00e9s de actividades y \u00a0m\u00f3dulos relacionados con la alimentaci\u00f3n el [&hellip;]<\/p>\n","protected":false},"author":1,"featured_media":0,"parent":2638,"menu_order":0,"comment_status":"closed","ping_status":"closed","template":"","meta":{"_genesis_hide_title":false,"_genesis_hide_breadcrumbs":false,"_genesis_hide_singular_image":false,"_genesis_hide_footer_widgets":false,"_genesis_custom_body_class":"","_genesis_custom_post_class":"","_genesis_layout":"full-width-content"},"_links":{"self":[{"href":"https:\/\/catalinadefoix.educacion.navarra.es\/web\/wp-json\/wp\/v2\/pages\/364"}],"collection":[{"href":"https:\/\/catalinadefoix.educacion.navarra.es\/web\/wp-json\/wp\/v2\/pages"}],"about":[{"href":"https:\/\/catalinadefoix.educacion.navarra.es\/web\/wp-json\/wp\/v2\/types\/page"}],"author":[{"embeddable":true,"href":"https:\/\/catalinadefoix.educacion.navarra.es\/web\/wp-json\/wp\/v2\/users\/1"}],"replies":[{"embeddable":true,"href":"https:\/\/catalinadefoix.educacion.navarra.es\/web\/wp-json\/wp\/v2\/comments?post=364"}],"version-history":[{"count":150,"href":"https:\/\/catalinadefoix.educacion.navarra.es\/web\/wp-json\/wp\/v2\/pages\/364\/revisions"}],"predecessor-version":[{"id":8079,"href":"https:\/\/catalinadefoix.educacion.navarra.es\/web\/wp-json\/wp\/v2\/pages\/364\/revisions\/8079"}],"up":[{"embeddable":true,"href":"https:\/\/catalinadefoix.educacion.navarra.es\/web\/wp-json\/wp\/v2\/pages\/2638"}],"wp:attachment":[{"href":"https:\/\/catalinadefoix.educacion.navarra.es\/web\/wp-json\/wp\/v2\/media?parent=364"}],"curies":[{"name":"wp","href":"https:\/\/api.w.org\/{rel}","templated":true}]}}